4*l**2 - 263*l - 615. Calculate y(68).
-3
Let k(j) = -147*j + 1048. Determine k(8).
-128
Let r(u) = -8*u - 38. Calculate r(-9).
34
Let x(r) = r**3 - 30*r**2 - 52*r + 631. Give x(31).
-20
Let q(a) = -48*a**2 + 2928*a - 6. Calculate q(61).
-6
Let d(i) = i**2 + 135*i + 2553. Determine d(-112).
-23
Let g(b) = -6*b**2 + 37*b - 374. Give g(8).
-462
Let k(v) = v**2 + 21*v - 12. Determine k(-6).
-102
Let r(u) = 293*u + 57. Give r(0).
57
Let u(b) = -410*b - 1644. Give u(-4).
-4
Let g(k) = -k**3 - 27*k**2 + 8*k + 198. Give g(-27).
-18
Let q(w) = 12*w**2 + 35*w + 34. Determine q(-1).
11
Let d(z) = 2*z**2 - 80*z + 33. Calculate d(39).
-45
Let n(o) = -13*o**3 - 5*o**2 + 8*o - 3. What is n(3)?
-375
Let y(f) = 218*f - 21799. Give y(100).
1
Let i(g) = 3*g**3 - 8*g**2 - 5*g + 25. Calculate i(3).
19
Let h(n) = -21*n**2 - 9*n + 30. Calculate h(3).
-186
Let i(o) = o**3 + 68*o**2 + 131*o - 67. Give i(-66).
-1
Let t(u) = u**2 + 2*u - 220. What is t(-11)?
-121
Let h(y) = 11*y + 16. What is h(16)?
192
Let f(m) = 36*m - 1267. Give f(35).
-7
Let p(t) = -19*t + 389. Give p(19).
28
Let w(z) = z**3 + 28*z**2 + 164*z + 72. What is w(-20)?
-8
Let d(g) = 25*g + 283. Determine d(-11).
8
Let l(g) = g**2 - 26*g + 34. Give l(26).
34
Let h(n) = -297*n + 289. Give h(0).
289
Let r(c) = 31*c**2 + 4. Calculate r(-1).
35
Let t(r) = 102*r + 314. What is t(0)?
314
Let b(k) = -k**2 + 25*k - 276. Calculate b(16).
-132
Let z(k) = -29*k**2 - 14*k + 22. Give z(2).
-122
Let l(b) = -b**2 - 31*b - 127. Give l(-26).
3
Let d(w) = w**3 + 4*w**2 + 8*w + 58. Determine d(-6).
-62
Let b(x) = 4*x**3 + 13*x**2 - 9*x - 18. Determine b(-3).
18
Let g(v) = -v**3 + 2*v**2 + 826*v - 401. Give g(-28).
-9
Let s(a) = -a**3 - 15*a**2 + 39*a + 110. Determine s(-17).
25
Let r(u) = -u**2 - 836*u - 15522. What is r(-19)?
1
Let d(r) = -3*r**2 + 9*r - 204. Calculate d(8).
-324
Let c(s) = -s**3 - 9*s**2 + 5*s - 42. Give c(-10).
8
Let j(d) = -d**3 - 40*d**2 - 42*d - 157. Calculate j(-39).
-40
Let y(s) = 8*s + 44. Calculate y(37).
340
Let m(k) = -2*k**2 - 71*k + 372. Determine m(5).
-33
Let u(g) = -12628*g - 75759. Calculate u(-6).
9
Let r(o) = 54*o**2 - 550*o + 95. Calculate r(10).
-5
Let d(o) = -o**3 + 7*o**2 - 4*o - 82. Give d(5).
-52
Let c(v) = 6*v**3 + 14*v**2 - 40*v - 7. Determine c(3).
161
Let t(m) = -m**2 + 22*m + 159. What is t(26)?
55
Let j(v) = -59*v - 74. Determine j(-1).
-15
Let v(g) = -g**3 - 36*g**2 - 31*g - 201. Calculate v(-35).
-341
Let s(y) = y**3 + 28*y**2 - 75*y - 2093. What is s(-28)?
7
Let n(y) = -2400*y + 16797. What is n(7)?
-3
Let o(p) = 106*p + 26815. Calculate o(-253).
-3
Let l(r) = -11*r**2 + 54*r - 3. Determine l(7).
-164
Let m(p) = p**2 + 5*p - 268. Give m(12).
-64
Let k(y) = -y**2 - 22*y + 106. Calculate k(-18).
178
Let m(u) = 2*u**2 - 2036*u + 24115. Determine m(12).
-29
Let m(g) = 2*g**3 - 506*g**2 + 1500*g + 3. What is m(250)?
3
Let a(c) = 42*c**2 - 34*c - 228. Calculate a(-5).
992
Let o(j) = -j**2 + 17. What is o(-3)?
8
Let t(f) = -f**2 + 184*f - 4860. Give t(32).
4
Let b(m) = m**3 - 2*m**2 - 43*m - 32. Give b(8).
8
Let q(l) = 49*l**2 - 257*l + 27. Determine q(5).
-33
Let j(z) = -z**3 - 18*z**2 - 12*z - 701. What is j(-19)?
-112
Let x(h) = h**2 - 1913*h + 43477. Determine x(23).
7
Let c(q) = -44*q - 1698. Calculate c(-39).
18
Let h(u) = -16*u**3 - 3*u**2 + 2*u - 1. Calculate h(2).
-137
Let j(c) = -2*c**2 + c - 33. Give j(11).
-264
Let y(x) = x**3 - 62*x**2 - 266*x - 244. Give y(66).
-376
Let j(y) = 110*y - 27. Calculate j(-1).
-137
Let p(a) = -a**3 - 6*a**2 + 45*a + 235. Determine p(-8).
3
Let r(w) = w**2 + 10*w + 18. What is r(-4)?
-6
Let f(p) = -p**3 - 35*p**2 + 135*p - 825. Determine f(-39).
-6
Let k(d) = -38*d + 423. Determine k(9).
81
Let d(l) = -6*l - 30. Determine d(-5).
0
Let k(l) = l**2 + 64*l + 410. Calculate k(-57).
11
Let p(f) = -f**3 - 46*f**2 - 482*f - 536. Calculate p(-31).
-9
Let x(s) = 396*s + 6333. What is x(-16)?
-3
Let v(h) = 6*h**2 + 106*h - 377. Give v(4).
143
Let l(h) = h**2 + 32*h - 55. Calculate l(-34).
13
Let b(d) = -20*d**2 - 3. What is b(-1)?
-23
Let m(f) = -1237*f + 50690. Determine m(41).
-27
Let a(j) = j**3 + 30*j**2 - 162*j - 5543. Determine a(-29).
-4
Let z(p) = -p**2 + 35*p - 202. Determine z(8).
14
Let u(i) = -888*i - 2360. Give u(-3).
304
Let h(g) = 2*g**2 - 83*g - 1587. Calculate h(-14).
-33
Let o(v) = 12*v**2 - 387*v - 699. Give o(34).
15
Let x(t) = -3*t**2 - 647*t - 6544. Calculate x(-205).
16
Let a(x) = x**3 + 8*x**2 - 7*x - 13. Calculate a(-9).
-31
Let p(n) = -16*n**2 - 639*n + 46. Calculate p(-40).
6
Let i(k) = -k**2 - 160*k + 22841. Calculate i(91).
0
Let i(x) = -105*x - 182. Give i(-4).
238
Let f(p) = -p**2 - 8*p + 25. What is f(-12)?
-23
Let z(m) = -6*m**2 + 13*m + 15. What is z(7)?
-188
Let j(u) = u**3 + 10*u**2 + u - 110. What is j(-10)?
-120
Let h(x) = -3667*x**2 - 29337*x - 8. Determine h(-8).
0
Let r(i) = -11*i**2 - 2755*i - 1266. What is r(-250)?
-16
Let c(a) = -5*a**3 - 5*a**2 - 11*a + 5. Calculate c(-4).
289
Let d(u) = -u**3 - 5*u**2 + 20*u + 3. Calculate d(-8).
35
Let l(i) = i**3 + 2*i**2 - 3*i - 11. Give l(-5).
-71
Let x(z) = 5*z + 115. Determine x(44).
335
Let t(k) = -2*k**3 - 52*k**2 - 75*k - 650. Calculate t(-25).
-25
Let n(j) = -20*j - 174. What is n(-19)?
206
Let p(j) = j**3 + 19*j**2 + 12*j - 111. Calculate p(-15).
609
Let g(c) = c**3 + 14*c**2 - 10*c + 22. Calculate g(-16).
-330
Let v(t) = t**2 + 314*t - 122. Calculate v(0).
-122
Let t(m) = 2*m**2 - 19*m - 51. Give t(0).
-51
Let r(h) = 27*h - 1425. Give r(53).
6
Let w(m) = 2*m**2 + 47*m + 470. What is w(-12)?
194
Let t(p) = -494*p + 30643. Determine t(62).
15
Let b(l) = -l**3 + 7*l**2 + 22*l - 94. Calculate b(8).
18
Let j(z) = 343*z**2 - 343*z + 3. Calculate j(1).
3
Let s(c) = c**2 + 104*c + 2645. Calculate s(-49).
-50
Let y(d) = 23*d - 14. What is y(1)?
9
Let k(t) = 26*t - 449. Determine k(21).
97
Let t(y) = y**3 - 6*y**2 + 4*y - 81. Determine t(7).
-4
Let j(p) = -2*p**2 - 88*p - 315. Determine j(-40).
5
Let y(i) = -5*i**3 + 14*i**2 + 17*i - 8. Determine y(5).
-198
Let n(g) = g**2 + 327*g + 1938. Give n(-6).
12
Let x(i) = 21*i**2 - 525*i - 19. Determine x(25).
-19
Let n(q) = -q**3 - 13*q**2 - 17*q - 62. What is n(-13)?
159
Let g(t) = 59*t**2 - 2*t + 3. Give g(1).
60
Let a(x) = -928*x + 8373. Calculate a(9).
21
Let i(d) = -6*d**2 + 217*d - 10. What is i(36)?
26
Let s(p) = p**2 - 9*p + 18. Determine s(12).
54
Let m(g) = g**2 + 13*g - 1756. Determine m(-49).
8
Let h(v) = v**3 + 11*v**2 - 28*v - 39. Calculate h(-12).
153
Let o(d) = d**2 - 30*d + 214. Determine o(6).
70
Let g(f) = -12*f - 258. Give g(-31).
114
Let y(u) = -u**2 - 320*u - 14157. What is y(-53)?
-6
Let d(f) = -3076*f + 3092. Determine d(1).
16
Let m(l) = -74*l - 798. What is m(-13)?
164
Let n(y) = -144*y**2 + 4608*y + 4. Calculate n(32).
4
Let y(a) = -59*a - 292. Calculate y(-5).
3
Let j(x) = 67*x + 288. Calculate j(-5).
-47
Let i(p) = p**3 + 51*p**2 + 49*p - 107. What is i(-50)?
-57
Let w(x) = -3*x**3 - 5*x**2 + 441*x - 14. Give w(-13).
-1
Let u(w) = -102*w + 792. Determine u(8).
-24
Let a(d) = -4*d**2 - 9*d + 6. What is a(2)?
-28
Let k(p) = -p**3 + 9*p**2 - p + 35. Give k(9).
26
Let q(g) = -g**3 + 20*g**2 - 38*g + 3. What is q(18)?
-33
Let g(p) = -p**3 - 25*p**2 + 352*p + 98. Give g(-35).
28
Let x(m) = -214*m + 6647. What is x(31)?
13
Let h(k) = k**2 - 47*k - 84. Determine h(55).
356
Let o(i) = i**3 - 78*i**2 - 161*i + 74. Determine o(80).
-6
Let m(z) = -z**3 + 89*z**2 - 76*z + 23470. What is m(91)?
-8
Let w(f) = -f**3 + 126*f**2 - 1260*f - 582. What is w(115)?
-7
Let i(g) = -59*g - 5604. Give i(-95).
1
Let y(s) = 258*s + 3346. Give y(-13).
-8
Let o(i) = -210*i - 1055. Determine o(-5).
-5
Let l(w) = 7*w**3 - 32*w**2 + 31*w - 64. Give l(4).
-4
Let u(g) = -g**3 - 12*g**2 + 5*g + 59. Give u(-6).
-187
Let w(a) = a**3 + 9*a**2 - 5*a + 20. Determine w(-10).
-30
Let k(i) = -5*i**3 - 79*i**2 + 47*i + 461. Determine k(-16).
-35
Let p(v) = -6*v**2 + 19*v + 170. Determine p(-4).
-2
Let t(s) = -s**3 + 15*s**2 - 11*s + 36. Determine t(6).
294
Let p(g) = -76*g + 589. Calculate p(8).
-19
Let l(x) = -x**3 + 53*x**2 + 466*x - 173. Give l(-8).
3
Let d(s) = -178*s**2 + 1254*s - 5. What is d(7)?
51
Let n(b) = 97*b - 10192. Give n(105).
-7
Let d(c) = -c**3 - 16*c**2 - 31*c - 8. Determine d(-3).
-32
Let c(n) = -5*n**3 - 9*n**2 - 2